
Let a(z) = -z**3 - 51*z**2 + 56*z + 213. Determine a(-52).
5
Let r(f) = 7*f**2 + 2. Give r(2).
30
Let a(u) = u**3 + 5*u**2 + 3*u - 10. What is a(-4)?
-6
Let o(p) = -11*p**2 - 4*p - 3. Calculate o(-1).
-10
Let o(l) = -l**3 + 20*l**2 + l - 24. Calculate o(20).
-4
Let x(a) = -a**3 - 2*a**2 - 4*a + 1. What is x(-3)?
22
Let g(k) = 2*k - 8. Calculate g(11).
14
Let p(f) = -21*f**2 + f - 1. Calculate p(-1).
-23
Let r(o) = o**3 + 27*o**2 + 25*o - 28. Give r(-26).
-2
Let b(a) = 2*a + 18. Give b(-13).
-8
Let n(i) = -i**2 + 15*i - 16. What is n(13)?
10
Let t(j) = j**3 - 5*j**2. Determine t(5).
0
Let v(r) = -9*r**2 + 2*r + 1. What is v(-1)?
-10
Let o(z) = 3*z - 4. Calculate o(-12).
-40
Let q(t) = t**3 + 8*t**2 + 11*t + 2. Give q(-6).
8
Let q(i) = 3*i**3 + 30*i**2 - i - 4. Determine q(-10).
6
Let l(q) = q**3 - 4*q**2 - 8*q + 3. Calculate l(5).
-12
Let g(y) = y**3 + 15*y**2 + 26*y - 2. What is g(-13)?
-2
Let p(c) = -c**2 + 15*c - 37. Give p(11).
7
Let j(x) = 2*x**3 - 5*x**2 + 5*x + 1. What is j(2)?
7
Let w(d) = -d**2 - 16*d - 21. Give w(-16).
-21
Let o(q) = 4*q + 123. Determine o(0).
123
Let z(o) = -2*o - 11. Determine z(-3).
-5
Let o(z) = z**3 - 9*z**2 + 18*z + 7. Calculate o(6).
7
Let t(q) = -q**3 - 2*q**2 + q + 1. What is t(1)?
-1
Let d(o) = -o**3 + 6*o**2 - 6*o + 3. What is d(5)?
-2
Let g(f) = -f**3 + 3*f**2 - 4. Give g(3).
-4
Let g(w) = -w**3 + 6*w**2 + 20*w - 24. Calculate g(8).
8
Let w(k) = -k - 9. Give w(-11).
2
Let n(y) = -21*y - 1. What is n(1)?
-22
Let i(y) = -12*y - 198. Determine i(-17).
6
Let g(q) = -5*q + 68. Give g(11).
13
Let f(u) = u**3 + 6*u**2 + 5*u + 1. What is f(-5)?
1
Let d(r) = 6*r - 9. What is d(9)?
45
Let q(r) = 4*r - 28. Calculate q(11).
16
Let g(i) = -i**2 + 2*i - 52. Determine g(0).
-52
Let c(m) = -9*m**3 - 2*m - 1. Determine c(-1).
10
Let l(n) = n + 6. What is l(0)?
6
Let j(d) = d**2 + 15*d + 21. Give j(-12).
-15
Let z(a) = -5*a + 2. What is z(0)?
2
Let x(s) = -s**2 + 14*s - 36. What is x(4)?
4
Let a(d) = -d**3 + 10*d**2 + 12*d - 15. What is a(11)?
-4
Let c(u) = -u**3 + 5*u**2 + 5*u + 2. Calculate c(5).
27
Let u(v) = -v - 15. Calculate u(-11).
-4
Let r(y) = -y**2 + y + 5. Determine r(5).
-15
Let i(l) = -l**3 - 6*l**2 - 5*l + 4. Calculate i(-4).
-8
Let m(o) = -o**2 - 5*o + 11. Determine m(-5).
11
Let z(j) = -j**2 - 6*j + 43. Give z(-11).
-12
Let m(g) = -g**2 + 14*g - 2. Determine m(9).
43
Let r(g) = -g**2 + 6*g - 3. What is r(8)?
-19
Let a(r) = 8*r + 8. What is a(-3)?
-16
Let i(l) = -15*l + 245. Calculate i(17).
-10
Let v(p) = -p**3 - p + 1. Give v(1).
-1
Let z(c) = c**2 - 4*c + 4. What is z(6)?
16
Let l(a) = -22*a - 13. Give l(-1).
9
Let u(o) = -o**3 - 2*o**2 + 2*o + 10. Determine u(-2).
6
Let x(z) = 2*z**2 - z + 29. Determine x(-5).
84
Let a(p) = -15*p + 6. Calculate a(1).
-9
Let f(q) = -18*q + 256. What is f(14)?
4
Let a(n) = n**3 + 5*n**2 + 4*n + 1. Determine a(-4).
1
Let t(z) = -z**3 + 22*z**2 + 24*z - 20. Determine t(23).
3
Let c(d) = d**2 + 7*d + 6. Calculate c(-7).
6
Let j(q) = -28*q - 562. What is j(-20)?
-2
Let h(v) = 23*v - 39. Give h(0).
-39
Let a(g) = -g**2 - 7*g + 25. What is a(-9)?
7
Let a(d) = 20*d + 3. Calculate a(1).
23
Let p(q) = 3*q**3 + 28*q**2 - 28*q - 35. Calculate p(-10).
45
Let t(d) = d**3 - 17*d**2 - 20*d + 34. Give t(18).
-2
Let l(j) = -4*j - 82. Give l(-18).
-10
Let n(f) = f**3 - f**2 - 11*f - 50. Give n(5).
-5
Let j(i) = -8*i + 5. Determine j(-1).
13
Let n(c) = -18*c**3 - c**2 - 3*c - 2. Determine n(-1).
18
Let y(t) = t**3 - 12*t**2 + 22*t - 20. Calculate y(10).
0
Let i(d) = -4*d + 42. What is i(23)?
-50
Let t(f) = 6*f**3 - 2*f**2 + 7*f + 13. Give t(-2).
-57
Let d(k) = -5*k + 38. What is d(6)?
8
Let n(w) = -5*w**2 + 33*w - 5. What is n(7)?
-19
Let m(d) = 22*d - 1124. Give m(51).
-2
Let h(u) = -11*u + 51. Determine h(7).
-26
Let j(r) = r**2 + 9*r - 31. What is j(-15)?
59
Let r(q) = 4*q + 1. Calculate r(1).
5
Let o(l) = l**2 - 1. Give o(0).
-1
Let g(w) = 6*w**2 + 35*w. Calculate g(-5).
-25
Let q(u) = -u**3 - 5*u**2 + 3*u - 3. Calculate q(-6).
15
Let a(p) = -64*p - 3. What is a(-1)?
61
Let a(h) = h**2 + 7*h - 12. What is a(-8)?
-4
Let c(g) = -6*g + 3. Give c(11).
-63
Let z(g) = g**2 + 16*g + 55. Calculate z(-7).
-8
Let o(w) = 2*w - 5. What is o(-6)?
-17
Let u(z) = z**2 + 27*z + 20. Determine u(-25).
-30
Let t(i) = -i**3 + 11*i**2 + 14*i - 7. What is t(12)?
17
Let s(k) = k**3 + 11*k**2 + 13*k + 18. Determine s(-10).
-12
Let n(i) = 2*i**2 - 16*i - 16. Calculate n(9).
2
Let n(t) = -2*t**2 - 21*t + 142. Calculate n(-15).
7
Let s(d) = -d**2 + 8*d + 205. Determine s(19).
-4
Let w(h) = h**2 - 8*h - 10. Determine w(-2).
10
Let h(v) = -v**3 - 22*v**2 + 24*v + 27. Calculate h(-23).
4
Let j(h) = -51*h**3 + h**2 - 2*h + 3. Determine j(1).
-49
Let k(v) = 27*v**2 - 85*v + 4. Give k(3).
-8
Let r(c) = -10*c**2 + c - 1. What is r(1)?
-10
Let n(j) = -j**3 - 4*j**2 - 7*j - 16. Give n(-3).
-4
Let w(r) = 7*r**2 + 10*r + 22. Calculate w(-4).
94
Let d(s) = 5*s**2 - 1. What is d(-2)?
19
Let w(o) = -o**3 + o**2 - 13. Calculate w(0).
-13
Let y(k) = 3*k**2 - 43*k + 11. Calculate y(15).
41
Let b(a) = 2*a**2 + 5*a - 10. What is b(-6)?
32
Let g(r) = 5*r - 9. Give g(6).
21
Let l(i) = i**3 + 15*i**2 - 12*i - 34. What is l(-16)?
-98
Let u(t) = t**2 + 11*t. Determine u(-6).
-30
Let j(l) = l**3 + l**2 - 10*l - 9. Give j(-3).
3
Let d(a) = a**3 - a - 2. Calculate d(0).
-2
Let m(t) = -5*t**2 - 1. What is m(3)?
-46
Let m(y) = 3*y**2 + 4*y + 5. Determine m(-3).
20
Let y(i) = 131*i - 528. What is y(4)?
-4
Let x(d) = -2*d - 13. Give x(11).
-35
Let p(q) = -2*q**2 - 69*q - 18. Calculate p(-34).
16
Let b(v) = -v**2 + 4*v - 34. Give b(0).
-34
Let p(q) = -5*q**3. Determine p(-1).
5
Let v(a) = a**3 + 10*a**2 - 4*a - 48. Calculate v(-10).
-8
Let x(z) = z**2 + 16*z - 17. Determine x(-17).
0
Let z(o) = 3*o - 17. Determine z(1).
-14
Let a(y) = -y**2 - 4*y + 4. Give a(-4).
4
Let o(x) = 5*x + 7. Give o(-3).
-8
Let d(t) = -t**2 - 18*t - 52. Determine d(-13).
13
Let j(k) = k**3 + 13*k**2 + 8*k + 6. Give j(-12).
54
Let y(o) = o**2 + 8*o - 23. Calculate y(-10).
-3
Let q(s) = -s**2 - 28*s - 10. Give q(-27).
17
Let s(z) = 3*z - 26. What is s(5)?
-11
Let t(h) = -4*h + 57. What is t(20)?
-23
Let v(c) = 5*c - 35. Give v(3).
-20
Let w(q) = -25*q + 3. Calculate w(-2).
53
Let p(a) = -8*a + 65. Give p(8).
1
Let d(v) = -2*v + 22. Calculate d(4).
14
Let j(i) = -i**3 - 10*i**2 + 9*i + 4. Calculate j(-11).
26
Let k(c) = -c**3 - 12*c**2 - 13*c - 22. Give k(-11).
0
Let u(c) = c**2 + 18*c - 78. Calculate u(-21).
-15
Let j(g) = -2*g**3 - 20*g**2 + g + 5. What is j(-10)?
-5
Let t(p) = -22*p - 131. Calculate t(-6).
1
Let w(z) = z**3 - 5*z**2 - 2*z - 3. What is w(-2)?
-27
Let o(i) = i**3 - 10*i**2 + 7*i + 14. Determine o(9).
-4
Let a(o) = 6*o. Give a(1).
6
Let i(o) = 5*o**3 - 2*o**2 + 3*o + 4. Give i(3).
130
Let s(g) = -13*g + 178. Determine s(14).
-4
Let s(f) = -4*f + 8. Calculate s(2).
0
Let x(j) = j - 3. Give x(4).
1
Let o(r) = -r**2 + r + 8. Give o(0).
8
Let l(o) = 2*o**3 - 43*o**2 - 22*o - 8. Give l(22).
-8
Let s(g) = g**3 + 2*g**2 - 7*g + 5. What is s(3)?
29
Let r(u) = u**3 - 15*u**2 - 47*u - 127. Calculate r(18).
-1
Let n(v) = -3*v - 17. Give n(-6).
1
Let s(i) = -i**3 - 9*i**2 - 12*i - 3. Calculate s(-8).
29
Let l(o) = -4*o + 58. What is l(16)?
-6
Let w(v) = v**3 + 10*v**2 + 16*v + 5. What is w(-8)?
5
Let q(j) = j**3 - 17*j**2 - 5. Give q(17).
-5
Let r(n) = n**3 + 6*n**2 - 3*n - 2. Give r(-6).
16
Let a(m) = m**3 - 3*m**2 - 20*m + 23. Give a(6).
11
Let u(z) = -2*z + 4. What is u(4)?
-4
Let v(t) = -t**2 - 14*t - 37. Determine v(-12).
-13
Let t(n) = -2*n**2 - 4*n + 10. What is t(-6)?
-38
Let z(o) = o**3 + 25*o**2 - 30*o - 96. Calculate z(-26).
8
Let l(y) = y**2 + 20*y - 5. Calculate l(-14).
-89
Let l(p) = 3*p**3 + 20*p**2 + 5*p + 11. Give l(-6).
53
Let b(n) = -8*n - 2. Give b(2).
-18
Let n(v) = -v**3 - 3*v**2 + 19*v + 27. What is n(-5)?
-18
Let m(o) = -o**3 - 7*o**2 - 2*o - 1. What is m(-3)?
-31
Let c(g) = -g**3 - 8*g**2 + 2*g + 39. Determine c(-5).
-46
Let w(i) = -i + 3. Calculate w(11).
-8
Let m(d) = d. Calculate m(7).
7
Let p(r) = -3*r**3 + 14*r**2 - r. What is p(5)?
-30
Let s(l) = -5*l + 13. Give s(6).
-17
Let x(p) = -p**3 - 11*p**2 + 14*p - 10. Give x(-12).
-34
Let d(g) = g**2 + 15*g + 19. Give d(-14).
5
Let j(u) = u**2 - 2*u - 40. Determine j(0).
-40
Let v(d) = 5*d